{"id":106,"date":"2022-05-06T00:38:15","date_gmt":"2022-05-06T00:38:15","guid":{"rendered":"https:\/\/thallmaier.com\/wpacht\/?page_id=106"},"modified":"2025-03-23T15:10:23","modified_gmt":"2025-03-23T14:10:23","slug":"impressum","status":"publish","type":"page","link":"https:\/\/thallmaier.com\/Psychologie\/impressum\/","title":{"rendered":"Impressum"},"content":{"rendered":"\t\t<div data-elementor-type=\"wp-page\" data-elementor-id=\"106\" class=\"elementor elementor-106\">\n\t\t\t\t\t\t<section class=\"elementor-section elementor-top-section elementor-element elementor-element-5a4c63e elementor-section-boxed elementor-section-height-default elementor-section-height-default\" data-id=\"5a4c63e\" data-element_type=\"section\">\n\t\t\t\t\t\t<div class=\"elementor-container elementor-column-gap-default\">\n\t\t\t\t\t<div class=\"elementor-column elementor-col-100 elementor-top-column elementor-element elementor-element-13a5c6e3\" data-id=\"13a5c6e3\" data-element_type=\"column\">\n\t\t\t<div class=\"elementor-widget-wrap elementor-element-populated\">\n\t\t\t\t\t\t<div class=\"elementor-element elementor-element-3e13b863 elementor-widget elementor-widget-text-editor\" data-id=\"3e13b863\" data-element_type=\"widget\" data-widget_type=\"text-editor.default\">\n\t\t\t\t<div class=\"elementor-widget-container\">\n\t\t\t\t\t\t\t\t\t<p>\u00a0<\/p><div><h2>Impressum<\/h2><p>Im Rahmen der Offenlegungspflichten gem\u00e4\u00df \u00a75 (1) E-Commerce-Gesetz, \u00a7 25<\/p><div><p>Mediengesetz, \u00a7 63 Gewerbeordnung sowie \u00a7 14 Unternehmensgesetzbuch<br \/>werden nachfolgende Angaben gemacht:<\/p><div>Verantwortlich f\u00fcr den Inhalt der Webseite:<\/div><div>Marieluis Thallmaier<\/div><div>Adresse:<br \/>Aredstra\u00dfe 13, B\u00fcro 4a (Erdgescho\u00df)<br \/>2544 Leobersdorf AREDPARK<\/div><div>Kontaktm\u00f6glichkeiten:<br \/>Telefon: +43 664 75586357<br \/>E-Mail: <a href=\"mailto:hawelka.barbara@gmail.com\">marieluis.thallmaier@icloud.com<\/a><\/div><div>Rechtsgrundlagen:<br \/><a href=\"https:\/\/www.ris.bka.gv.at\" target=\"_blank\" rel=\"noopener\">www.ris.bka.gv.at<\/a><\/div><div>Berufsbezeichnung:<br \/>Klinische- und Gesundheitspsychologin<\/div><div>\u00a0<\/div><\/div><div><h2>Hinweis zur Online-Streitbeilegung<\/h2><div>Verbraucher,<br \/>die ihren Wohnsitz in \u00d6sterreich oder einem anderen Vertragsstaat der<br \/>ODR-Verordnung haben, k\u00f6nnen Konflikte im Zusammenhang mit dem<br \/>kostenpflichtigen Erwerb von Waren oder Dienstleistungen durch ein<br \/>Online-Streitbeilegungsverfahren (gem\u00e4\u00df OS, AStG) kl\u00e4ren. Eine<br \/>entsprechende Plattform wird von der Europ\u00e4ischen Kommission zur<br \/>Verf\u00fcgung gestellt: <a href=\"https:\/\/ec.europa.eu\/consumers\/odr\" target=\"_blank\" rel=\"noopener\">https:\/\/ec.europa.eu\/consumers\/odr<\/a>.<\/div><div>\u00a0<\/div><\/div><div><h2>Urheberrechtlicher Schutz<\/h2><div>Alle<br \/>Inhalte dieser Webseite unterliegen &#8211; soweit rechtlich m\u00f6glich &#8211;<br \/>verschiedenen Schutzrechten, wie beispielsweise dem Urheberrecht.<br \/>Jegliche nicht genehmigte Nutzung oder Verbreitung von gesch\u00fctztem<br \/>Material bedarf der ausdr\u00fccklichen schriftlichen Zustimmung des<br \/>Betreibers.<\/div><div>\u00a0<\/div><\/div><div><h2>Haftungsausschluss<\/h2><div>Trotz<br \/>sorgf\u00e4ltiger Kontrolle \u00fcbernimmt der Betreiber dieser Webseite keine<br \/>Verantwortung f\u00fcr die Inhalte externer Links. Die Verantwortlichkeit f\u00fcr<br \/>verlinkte Seiten liegt ausschlie\u00dflich bei den jeweiligen Betreibern.<br \/>Sollten Ihnen rechtswidrige Inhalte auf verlinkten Seiten auffallen,<br \/>bitten wir um eine entsprechende Benachrichtigung, damit diese gem\u00e4\u00df \u00a7<br \/>17 Abs. 2 ECG unverz\u00fcglich entfernt werden k\u00f6nnen. Der<br \/>Webseitenbetreiber achtet sorgf\u00e4ltig auf die Rechte Dritter. Sollten<br \/>dennoch Urheberrechtsverletzungen festgestellt werden, bitten wir um<br \/>Mitteilung. Derartige Verst\u00f6\u00dfe werden bei Bekanntwerden sofort behoben.<\/div><\/div><\/div><p>&lt;&lt;&lt;&lt;&lt;&lt;&lt;&lt;&lt;&lt;&lt;&lt;&lt;&lt;&lt;&lt;&lt;&lt;&lt;&lt;&lt;&lt;&lt;&lt;&lt;&lt;&lt;&lt;&lt;&lt;&lt;&lt;&lt;<\/p>\t\t\t\t\t\t\t\t<\/div>\n\t\t\t\t<\/div>\n\t\t\t\t\t<\/div>\n\t\t<\/div>\n\t\t\t\t\t<\/div>\n\t\t<\/section>\n\t\t\t\t<\/div>\n\t\t","protected":false},"excerpt":{"rendered":"<p>Impressum Im Rahmen der Offenlegungspflichten gem\u00e4\u00df \u00a75 (1) E-Commerce-Gesetz, \u00a7 25 Mediengesetz, \u00a7 63 Gewerbeordnung sowie \u00a7 14 Unternehmensgesetzbuch werden nachfolgende Angaben gemacht: Verantwortlich f\u00fcr den Inhalt der Webseite:Marieluis ThallmaierAdresse: Aredstra\u00dfe 13, B\u00fcro 4a (Erdgescho\u00df) 2544 Leobersdorf AREDPARKKontaktm\u00f6glichkeiten: Telefon: +43 664 75586357 E-Mail: marieluis.thallmaier@icloud.comRechtsgrundlagen: www.ris.bka.gv.atBerufsbezeichnung: Klinische- und Gesundheitspsychologin Hinweis zur Online-Streitbeilegung Verbraucher, die ihren Wohnsitz <a class=\"read-more\" href=\"https:\/\/thallmaier.com\/Psychologie\/impressum\/\">READ MORE<\/a><\/p>\n","protected":false},"author":1,"featured_media":0,"parent":0,"menu_order":0,"comment_status":"closed","ping_status":"closed","template":"","meta":{"_themeisle_gutenberg_block_has_review":false,"footnotes":""},"class_list":["post-106","page","type-page","status-publish","hentry"],"_links":{"self":[{"href":"https:\/\/thallmaier.com\/Psychologie\/wp-json\/wp\/v2\/pages\/106","targetHints":{"allow":["GET"]}}],"collection":[{"href":"https:\/\/thallmaier.com\/Psychologie\/wp-json\/wp\/v2\/pages"}],"about":[{"href":"https:\/\/thallmaier.com\/Psychologie\/wp-json\/wp\/v2\/types\/page"}],"author":[{"embeddable":true,"href":"https:\/\/thallmaier.com\/Psychologie\/wp-json\/wp\/v2\/users\/1"}],"replies":[{"embeddable":true,"href":"https:\/\/thallmaier.com\/Psychologie\/wp-json\/wp\/v2\/comments?post=106"}],"version-history":[{"count":29,"href":"https:\/\/thallmaier.com\/Psychologie\/wp-json\/wp\/v2\/pages\/106\/revisions"}],"predecessor-version":[{"id":1180,"href":"https:\/\/thallmaier.com\/Psychologie\/wp-json\/wp\/v2\/pages\/106\/revisions\/1180"}],"wp:attachment":[{"href":"https:\/\/thallmaier.com\/Psychologie\/wp-json\/wp\/v2\/media?parent=106"}],"curies":[{"name":"wp","href":"https:\/\/api.w.org\/{rel}","templated":true}]}}